tors of (z/(-2))/((-1)/(-30))?
3, 5
List the prime factors of (4 + 27/(-6))*-24.
2, 3
Let y = -8 - -4. List the prime factors of 1/y - (-318)/24.
13
Let b(n) = n**2 + 5*n + 3. Let y be b(-5). Suppose 20 = 7*d - y*d. List the prime factors of d*-1*(-32)/20.
2
Suppose -1 + 3 = 2*g. Let s(n) = -4*n**3 + 1. Let i be s(g). List the prime factors of (i/6)/(3/(-12)).
2
Let m be 117/(-6)*(-4)/6. Suppose -m = -3*p + 77. Suppose -6*w + p = -w. List the prime factors of w.
2, 3
Suppose 0 = 5*l + 3*x - 680, -10 = -0*x + 2*x. List the prime factors of l.
139
Suppose 4*d + 8 = 3*m, 4*d - 24 = -8*m + 3*m. What are the prime factors of (0 - d)/(-1) - -2?
3
Let b(w) = w**2 + 9*w + 7. Let i be b(-8). What are the prime factors of i*4*(-57)/12?
19
Let w be 3 + 1/(3/(-63)). Let b = -6 - w. List the prime factors of b.
2, 3
Suppose 2*v = 4*b + 2, -5*b - 2*v - 30 = -5. What are the prime factors of b/(-2)*(-30)/(-9)?
5
Let k = 375 - 103. What are the prime factors of k?
2, 17
Suppose -l + 5*l + 1 = d, 3*d - 21 = 3*l. List the prime factors of d.
3
Let t = -21 - -59. List the prime factors of t.
2, 19
Let j be ((-56)/(-6))/(6/9). Let n = j - 7. List the prime factors of n.
7
Let g(c) = -c**3 - 15*c**2 - 20*c - 15. List the prime factors of g(-14).
3, 23
Let z be (0 + 0 + -1)*0. Suppose z*o = -2*o + 18. What are the prime factors of o?
3
Suppose 3*b + 5*l + 9 = 42, 0 = l. Let x = 19 + b. What are the prime factors of x?
2, 3, 5
Let x(q) = q**3 - 2*q**2 - 4*q + 1. Let n be x(3). Let r = n + 8. What are the prime factors of r?
2, 3
Let g = 0 - 0. List the prime factors of (6/9 + g)*18.
2, 3
List the prime factors of 0/7 - -2*129/6.
43
Suppose -5*j + 344 = -p, -j - p - 275 = -5*j. Suppose -4*o + 213 = c, 3*c = -o + 8*c + j. Suppose -5*u - 9 = -o. List the prime factors of u.
3
Let o(q) = 6*q - 1. Suppose 18 = 3*v + 3, v - 2 = 3*g. List the prime factors of o(g).
5
Suppose 78 = 2*j + 4*p, 5*p + 4 = -21. List the prime factors of j.
7
Suppose 0 = -5*u + 2*v - 6 - 0, -3*v - 2 = -2*u. Let r be (1/(-2))/(2/(-4)). What are the prime factors of r/u*-2 + 11?
2, 3
Suppose -3*l + h + 17 = 0, -3*l - 2*l - 4*h = 0. Suppose -y - 3*z = z - 4, l*y = -3*z + 3. Suppose -3*s + 2*s + 6 = y. List the prime factors of s.
2, 3
Suppose -3*g - 12 = -4*g + 4*m, 5*g - 24 = 2*m. Suppose g*z = -0*z + 12. Suppose -2*j = -z*j + 11. What are the prime factors of j?
11
Let f(p) = p**3 + 11*p**2 - 5*p - 1. List the prime factors of f(-11).
2, 3
Let k = -5 - 16. Let s = k - -32. Let i = 18 - s. List the prime factors of i.
7
Suppose -k = 4*r - 33, -k - r + 3*r + 57 = 0. What are the prime factors of k?
7
Suppose 0 = 5*q - n - 296, 0 = -0*n - 4*n + 16. What are the prime factors of q?
2, 3, 5
Let w = -257 - -437. What are the prime factors of w?
2, 3, 5
Let z(n) = n**3 + 4*n**2 - 4*n - 14. Let a(b) = b**3 + 5*b**2 - 3*b - 14. Let v(w) = -5*a(w) + 4*z(w). What are the prime factors of v(-9)?
23
Suppose 2 - 11 = 3*s. Let j be 15/10*(-4)/s. Suppose 8 = i - j. List the prime factors of i.
2, 5
Suppose 103 = 5*m - 0*a - 3*a, -3*m = 2*a - 77. List the prime factors of m.
23
Let n(g) = g**3 - 18*g**2 + 2*g + 17. List the prime factors of n(18).
53
Suppose 0 = 2*m - 2 - 10. Suppose 0 = 2*q - m*q - 5*o + 33, 0 = -q + 3*o - 13. Suppose -5*v - n = 2*n - 65, q*v = -3*n + 35. What are the prime factors of v?
2, 5
Let k = -11 - -16. List the prime factors of (21/6)/(k/10).
7
Let k = 45 - 78. Suppose w + 110 = -4*w. Let h = w - k. List the prime factors of h.
11
Let n(m) = -m - 4. Let z be n(3). Let p = z - -38. What are the prime factors of p?
31
Let w be 5/(1*(4 - 3)). Suppose g = w*o + 24, 5*g - 40 = 3*g + 2*o. What are the prime factors of g?
19
What are the prime factors of (4/14)/((-4)/12)*-77?
2, 3, 11
Let b = 4 - 2. Suppose 3*y = b*y + 3. What are the prime factors of y?
3
Let t be (-6)/(-10) - (-328)/20. Let i = 31 - t. What are the prime factors of i?
2, 7
Let c(d) be the first derivative of 5*d**2/2 + 3. What are the prime factors of c(1)?
5
Let y(d) = -3*d**2 + 16*d - 35. Let k be (-291)/(-27) + 2/9. Let x(i) = i**2 - 5*i + 12. Let l(v) = k*x(v) + 4*y(v). List the prime factors of l(7).
2, 3
Let r(u) be the first derivative of -1 - 1/3*u**3 - 5*u + 9/2*u**2. List the prime factors of r(7).
3
Let b(u) = -u**3 + 7*u**2 + 5. Let y be b(7). Suppose 0 = -y*g - 1 - 59. Let q = 29 + g. List the prime factors of q.
17
Suppose 0 = 4*d - 169 + 1. What are the prime factors of d?
2, 3, 7
Let j(r) = 4*r**3 + 1. Let k be j(-1). Let y = k - 3. Let v(l) = -l + 1. What are the prime factors of v(y)?
7
Let n(f) = -f**2 + 5*f - 3. Let c be n(2). Suppose c*z - 12 = 27. What are the prime factors of z?
13
Let p be ((-6)/(-15))/(3/15). Suppose -2*l = -2 - p. Suppose 8*n - 5*g - 34 = 4*n, 2*n = -l*g + 26. List the prime factors of n.
11
Let t = 35 - 22. Suppose 0 = -3*d + 8 + t. Suppose 24 = d*w - 4*w. What are the prime factors of w?
2
Let p be 4*2/(-4)*-4. Let v(b) = -b**2 + 9*b + 1. What are the prime factors of v(p)?
3
Let b(z) = -z**2 + 4*z**2 - 2*z + z + 1 + 2*z. List the prime factors of b(-2).
11
Suppose k + 6 = -3*x, -8 = -4*k + 2*x - 4. Suppose k = g - 0*g - 2. What are the prime factors of g/7 + 48/28?
2
Let i = 38 + 7. What are the prime factors of i?
3, 5
Suppose -3*l - 5*x = -l - 167, 9 = 3*x. What are the prime factors of l?
2, 19
Let t(u) = -u**3 + 3*u**2 - 3. Let l be t(3). What are the prime factors of -4*(0 - l/(-3))?
2
Let v(h) = -h - 8. Let a be v(-8). Suppose a = -2*f - f + 9. Suppose 6*k = k - 3*j + 29, f*j = -4*k + 25. What are the prime factors of k?
2
Suppose -4*n + 2*b - 4*b = -102, 0 = 3*n + 5*b - 59. Suppose -4 = -2*u + n. What are the prime factors of u?
2
Suppose -5*f + 30 = 5*y - 10, -f = -4*y + 17. Let l(k) = 4*k**2. Let p be l(2). Suppose 0 = -5*d, -5*t + p + 14 = y*d. What are the prime factors of t?
2, 3
Suppose 0 = -j + 13 + 34. List the prime factors of j.
47
Let q be 3/(1 + (-21)/12). What are the prime factors of q/(12/(-15))*7?
5, 7
Let i(z) = 2*z**2 - 2*z. Let s be i(2). Suppose -2*d - 4*c = -52, s*c + 66 = 5*d - 8. List the prime factors of d.
2, 3
Suppose 0 = -v + 5*v + 2*r - 10, -2*v + r = -15. List the prime factors of v.
5
Let p(q) = 14*q + 3. What are the prime factors of p(2)?
31
Let x be (12/(-8))/((-3)/28). Suppose x - 2 = -2*k - 2*o, -2*k - 4*o = 16. Let u = 8 + k. What are the prime factors of u?
2
Let f(z) = z**3 - 5*z**2 + 3*z + 5. Let r be f(4). Suppose 0 = c + r - 2. Let o = 3 + c. What are the prime factors of o?
2
Suppose 3*m + 12 = 6*m. Suppose -7 = m*w - 23. List the prime factors of w.
2
Let d(b) = b**2 + b - 4. Let h(w) = 2*w**2 + w - 8. Let y(i) = -7*d(i) + 4*h(i). Let a be y(4). What are the prime factors of 7 - (a + -1 + -1)?
3
Let h(f) be the third derivative of 1/2*f**3 + 0 + 0*f**4 + 0*f + f**2 - 1/60*f**5. What are the prime factors of h(0)?
3
List the prime factors of 345/9 - (-3)/(-9).
2, 19
Let j(l) = l**2 - 2*l - 2. Let m be j(-3). Let b = 1 + m. What are the prime factors of b?
2, 7
Suppose 8 = 5*r - 22. Suppose 5*v + 90 = 3*s - 0*v, -2*v - r = 0. What are the prime factors of s?
5
Suppose 0 = -3*p - 3, 0*p + 90 = -g - p. Let i = 125 + g. What are the prime factors of i?
2, 3
Suppose -r - 19 = -5*a, -3*a + 18 = 2*r + a. What are the prime factors of (-2 - -4) + r + 13?
2
Let n be (16/(-12))/(2/(-6)). Suppose -n*t = 5 - 29. What are the prime factors of t?
2, 3
Let h(m) = 4*m**3 + 3*m**2 - 3*m - 13. List the prime factors of h(4).
3, 31
Suppose 6*m - 5*m - 68 = -t, 2*m = t + 127. What are the prime factors of m?
5, 13
Let s be 4/((-8)/(-31))*2. Suppose 0*w + s = w. Suppose 0 = 2*v + 2 - 4, -4*v = 3*l - w. List the prime factors of l.
3
Suppose 11*y - 4704 = -3*y. What are the prime factors of y?
2, 3, 7
Let o = 0 + 3. Suppose 3*z = o*l, -4*z + 5*l - 8 = -3*z. Suppose -f + 11 = -z*f - 3*h, 0 = -2*f - 2*h - 2. List the prime factors of f.
2
Suppose -4*l + 4*c - 80 = 0, -l - 3*c - 2*c = 44. Let r = -3 - l. List the prime factors of r.
3, 7
Let m = -5 + 8. Suppose -m*k = -8*k + 65. List the prime factors of k.
13
Let p = 0 + 19. Suppose -4*c + 13 = -p. What are the prime factors of c?
2
List the prime factors of (1 - 247/(-4)) + (-42)/56.
2, 31
Suppose -22 + 85 = -p. What are the prime factors of 18/p + 88/14?
2, 3
Let w = 11 - 9. List the prime factors o